0*c + 9*c**2 - 10*c**2 - 2*c + 13*c. What is the remainder when h(8) is divided by 9?
8
Suppose 0*f + 16 = 2*f. Let x = f - 6. What is the remainder when 41 is divided by (-3)/(25/14 - x)?
13
Suppose 4*d = -0*d + 180. Suppose 4*q + 3*g - 83 = 0, -3*q + 31 = -0*q - 4*g. Calculate the remainder when 1 - (-1 - (d - -3)) is divided by q.
16
Let g(b) = b**3 + 6*b**2 + 4*b. Let c = -3 + 7. Suppose 50 = c*y + 2*q, -4*y + 31 = -3*q - 14. Calculate the remainder when y is divided by g(-5).
2
Suppose -7*p + 676 = -5*p. What is the remainder when p is divided by 20?
18
Let p(q) = 114*q**3 + 4*q - 2. What is the remainder when p(1) is divided by 39?
38
Let q be (-116)/(-8)*(2 - -2). Let x = -23 + q. Calculate the remainder when x is divided by 2/(-8) + (-49)/(-4).
11
Let u(z) = z**3 - 5*z**2 - 6*z + 3. Let n be u(6). Let i(m) = 10*m + 4. Let l(q) = 4*q**2 + 2*q. Calculate the remainder when i(n) is divided by l(-2).
10
Let b = 8 + -11. Let m be ((-2)/b)/(4/6). Let o = 2 + m. Calculate the remainder when 5 is divided by o.
2
Let c(k) = -k**2 - 4*k + 4. Let m be c(4). Suppose 4*g - 4*w = 88 + 52, -3*w = 3*g - 105. What is the remainder when g is divided by 124/7 + (-8)/m?
17
Suppose 246 = -15*m + 18*m. Calculate the remainder when m is divided by 28.
26
Let r(g) = -110*g**3. Let p be r(-1). Let a = -56 + p. What is the remainder when a is divided by 19?
16
Let j(o) = -o - 6. Let i be j(-7). Let c be 3 + -5 - (3 + i). Calculate the remainder when (21/(-4))/(c/32) is divided by 15.
13
Calculate the remainder when 16 is divided by (60/(-4))/(1*-4 + 3).
1
Let p(w) = w**2 - 2*w - 16. Calculate the remainder when 92 is divided by p(7).
16
Let n = 40 - 29. Let o = -6 + n. What is the remainder when 14 is divided by o?
4
Let z(y) = 8*y - 1. Calculate the remainder when z(2) is divided by 6.
3
Suppose -3*w = w - 84. Calculate the remainder when w is divided by 12.
9
Suppose j = -1 + 6. What is the remainder when j is divided by 5?
0
Let l be (3/(-2))/(3/(-4)). Let j(o) = 2*o**2 + 13*o + 11. Calculate the remainder when j(-9) is divided by (l/6)/(4/228).
18
Suppose 32 = 3*f - 5*u, 8 = -0*f - 3*f - 5*u. Suppose 3*h = f*h - 25. What is the remainder when h is divided by 1 + -1 + 2 + 7?
7
Let t be (-1 - 2)/((-6)/(-8)). Calculate the remainder when 36 is divided by 19/(-2)*t/2.
17
Suppose 0 = 2*a - 0*a + 2*t - 50, 2*a + 3*t = 53. Let i(w) be the first derivative of 13*w**3/3 - w + 5. Calculate the remainder when a is divided by i(-1).
10
Calculate the remainder when -26*(-2)/(12/33) is divided by 18.
17
Suppose -22 + 30 = o. What is the remainder when o is divided by 2?
0
Let d(j) = j**2 - 8*j - 4. Let h be d(9). Let q be 2/5 - (-23)/h. Suppose -2*n - 6 - 2 = -2*x, -x = q*n - 16. What is the remainder when 16 is divided by x?
4
Suppose -3*n + 170 = 4*z, -5*n - 2*z + 268 = 8. Calculate the remainder when n is divided by 26.
24
Suppose -16 + 45 = y. Calculate the remainder when y is divided by 12.
5
Suppose -3*f = -s - 10, -2*s + 0*s - 3*f = -25. Calculate the remainder when 9 is divided by s.
4
Let c = -12 + -3. Let m = -6 - c. Let o = m - 6. Calculate the remainder when 8 is divided by o.
2
Let h(p) = -p - 9. Let t be h(8). Let l = t + 30. Calculate the remainder when 36 is divided by l.
10
Suppose q = 4*q - 6. Suppose -2*c = 5*t, -5*t = c + 3 - 8. What is the remainder when ((-24)/(-15))/(t/5) is divided by q?
0
Suppose -4 = -4*f - 2*x, -3*x = -2*x. Suppose 0 = u + f - 10. Calculate the remainder when u is divided by 5.
4
Suppose 42 = 2*m - 3*n, -3*m + 4*n + n = -65. What is the remainder when 3/6 + (-85)/(-2) is divided by m?
13
Let o = -2 + 17. Calculate the remainder when o is divided by 6.
3
Suppose 0 = 7*k - 2*k - 75. What is the remainder when 7 is divided by (-23)/(-5) + 6/k?
2
Let b(r) = 6*r**2 - 2*r - 3. Let s be (-1 + 3 - 1) + -3. Let i be b(s). Suppose 0 = 3*c + 2*c - i, 4*c = a + 17. Calculate the remainder when 5 is divided by a.
2
Let l(f) = f**2 - 8*f + 1. Let g = -17 - -24. Let b be l(g). Let m(v) = -v - 2. What is the remainder when 11 is divided by m(b)?
3
Suppose 5*n = -5*a - 35, a + 2*a + 4*n = -26. Calculate the remainder when 8 is divided by -1*a/2*3.
2
Let j(v) = -v + 8. Let w be -2*(-1 - 6/4). Suppose 5 = c, -w*o + 0*o + c = -20. Calculate the remainder when o is divided by j(5).
2
Suppose 0*z - 3*u = 2*z + 50, -64 = 2*z - 4*u. Calculate the remainder when 34 is divided by (-2)/(-7) + (-496)/z.
16
What is the remainder when 12 is divided by 1 + 2 + 52/13?
5
Suppose 2*v = 10 - 4. Let y(k) = -k**3 + v + k - 2*k + 0*k - 1. What is the remainder when y(0) is divided by 1?
0
Suppose -3*i = 2*i. Suppose 4*o + 27 = f - i*f, -5*o = -20. What is the remainder when f is divided by 22?
21
Suppose -5*n + 2*n + 12 = 0. Let z(m) = -8*m + 6. Let x be z(n). Calculate the remainder when 24 is divided by x*-1*1/2.
11
Suppose 3*q = 4*q - 10. What is the remainder when -2 - 0 - (3 + -33) is divided by q?
8
Suppose 0 = x - 0*x + 10. Let i = x - -16. Calculate the remainder when (9 - -3) + (-4)/(-1) is divided by i.
4
Let b be ((-1)/(-2))/((-2)/(-4)). Let u = 4 - -6. What is the remainder when (28 - b) + 2 + -1 is divided by u?
8
Let q(b) be the second derivative of b**3/3 - b**2 + 2*b. What is the remainder when q(3) is divided by 3?
1
Let x = 14 - -5. Calculate the remainder when x is divided by 2.
1
Suppose 0 = i + 36 + 12. Calculate the remainder when 13 is divided by i/6*(-1 - 0).
5
Suppose 5*a - 339 = 5*y + 21, -3*a - y = -196. What is the remainder when a is divided by 17?
16
Let n = -5 - -13. Suppose 6*c - 3*p = c - 12, 4*p = -c + 16. Calculate the remainder when n is divided by (-2)/4*(c + -6).
2
Let t(s) = -s - 1. Let j be t(0). Let w(y) = -13*y**3 + 1 + 2*y**3 - 7*y**3 + 0*y**2 - 2*y**2. Calculate the remainder when w(j) is divided by 9.
8
Let a(x) = -26*x + 3. Suppose -64 = -4*j + s, 4*s - s + 12 = 0. What is the remainder when a(-1) is divided by j?
14
Suppose 344 + 64 = 12*k. Calculate the remainder when 100 is divided by k.
32
Let i be (-2)/(-3)*(-12)/2. Let s(h) = h**2 + 7. Let p be s(0). Let g = i + p. Calculate the remainder when 8 is divided by g.
2
Suppose 6 + 4 = 2*m. Suppose -43 = -0*j - 2*j + m*s, 99 = 3*j + 4*s. What is the remainder when j is divided by 10?
9
Calculate the remainder when 6/2 + 76/2 is divided by 2/(-10) - 318/(-15).
20
Suppose -5*x + 13 = 3*p, 2*p = -2*x - 0*p + 6. Let r(j) = -3 - j**2 + 3*j**2 + 1 + 2*j. Calculate the remainder when r(x) is divided by 4.
2
Let p = -24 + 34. Let f = 0 - -4. Suppose f*t - 202 = -p. Calculate the remainder when t is divided by 17.
14
Let w be (-146)/(-2) - (0 + -1). Let g = -173 + 299. Let v = g - w. What is the remainder when v is divided by 18?
16
Let l = -79 - -148. What is the remainder when l is divided by 18?
15
Let o be ((-10)/15)/(2/(-9)). Suppose 34 + 20 = o*m. Calculate the remainder when 52 is divided by m.
16
Let u(y) = -11*y**2 + y. Let d be u(-1). Calculate the remainder when 3*24*(-8)/d is divided by 17.
14
Let n(g) = 30*g - 3. Let c be 4/(-2) - (-4)/1. Let d be n(c). Suppose 2*j - d = -j. What is the remainder when j is divided by 11?
8
Suppose -2*u + 3*u + 4*i - 74 = 0, 0 = -3*u + i + 196. Let j(w) = 23*w**2 + w - 1. Calculate the remainder when u is divided by j(1).
20
Suppose h + y - 6*y + 20 = 0, 0 = -h + 4*y - 15. Calculate the remainder when (-2)/7 - 116/(-14) is divided by h.
3
Suppose 3*o - 25 = -2*o. Suppose -2*m - 23 = -o*f, -2*f - 3*f - m + 11 = 0. Calculate the remainder when 6 is divided by f.
0
Let h be 3/(-3 + 498/164). Suppose h = m + m. Suppose 87 - 3 = 4*s. What is the remainder when m is divided by s?
20
Suppose -83 + 10 = -o. Suppose -5*m + 273 = o. Suppose -3*b + 56 - 14 = 0. What is the remainder when m is divided by b?
12
Suppose -2*q + 10 = -3*p - 0*q, 5*q + 2 = 3*p. Calculate the remainder when (110/25)/(4/10) is divided by p*1/(1*-2).
2
Calculate the remainder when 22 is divided by (-26)/(((-6)/(-1))/(-3)).
9
Let i(w) = 11*w**2 - 8*w - 5. Let p(f) = -23*f**2 + 17*f + 11. Let s(y) = 13*i(y) + 6*p(y). Calculate the remainder when 7 is divided by s(1).
3
Let l(y) = 2*y**2 + 4*y - 1. Suppose 0 = 5*t - 31 - 114. Calculate the remainder when t is divided by l(-4).
14
Let o(m) = m**2 + 5. What is the remainder when o(4) is divided by 8?
5
Suppose -2*w + 6*